{"id":3332,"date":"2021-11-23T08:13:30","date_gmt":"2021-11-23T07:13:30","guid":{"rendered":"https:\/\/www.lapeniche.biz\/la-peniche-bed-and-bicycle\/?post_type=product&amp;p=3332"},"modified":"2024-03-12T01:45:39","modified_gmt":"2024-03-12T00:45:39","slug":"soin-massage-ki-bi-do-decouverte-20-min","status":"publish","type":"product","link":"https:\/\/www.lapeniche.biz\/la-peniche-all-your-events\/produit\/soin-massage-ki-bi-do-decouverte-20-min\/","title":{"rendered":"Soin &#8211; Massage Eclat [ Rituel Fleurs de Bali] &#8211; D\u00e9couverte &#8211; 20 min"},"content":{"rendered":"<p><em>Profitez des d\u00e9licates senteurs des fleurs tropicales de ce soin \u00ab\u00a0coup d\u2019\u00e9clat\u00a0\u00bb inspir\u00e9 des Rituels de beaut\u00e9 balinais, et d\u00e9couvrez ses bienfaits alliant nettoyage de peau, bien-\u00eatre et beaut\u00e9.<\/em><\/p>\n","protected":false},"excerpt":{"rendered":"<p>Profitez des d\u00e9licates senteurs des fleurs tropicales de ce soin \u00ab\u00a0coup d\u2019\u00e9clat\u00a0\u00bb inspir\u00e9 des Rituels de beaut\u00e9 balinais, et d\u00e9couvrez ses bienfaits alliant nettoyage de peau, bien-\u00eatre et beaut\u00e9.<\/p>\n","protected":false},"featured_media":2622,"comment_status":"open","ping_status":"closed","template":"","meta":{"_et_pb_use_builder":"","_et_pb_old_content":"","_et_gb_content_width":""},"product_brand":[],"product_cat":[28],"product_tag":[],"class_list":{"0":"post-3332","1":"product","2":"type-product","3":"status-publish","4":"has-post-thumbnail","6":"product_cat-bons-cadeaux","8":"first","9":"outofstock","10":"shipping-taxable","11":"purchasable","12":"product-type-pw-gift-card","13":"has-default-attributes"},"_links":{"self":[{"href":"https:\/\/www.lapeniche.biz\/la-peniche-all-your-events\/wp-json\/wp\/v2\/product\/3332","targetHints":{"allow":["GET"]}}],"collection":[{"href":"https:\/\/www.lapeniche.biz\/la-peniche-all-your-events\/wp-json\/wp\/v2\/product"}],"about":[{"href":"https:\/\/www.lapeniche.biz\/la-peniche-all-your-events\/wp-json\/wp\/v2\/types\/product"}],"replies":[{"embeddable":true,"href":"https:\/\/www.lapeniche.biz\/la-peniche-all-your-events\/wp-json\/wp\/v2\/comments?post=3332"}],"wp:featuredmedia":[{"embeddable":true,"href":"https:\/\/www.lapeniche.biz\/la-peniche-all-your-events\/wp-json\/"}],"wp:attachment":[{"href":"https:\/\/www.lapeniche.biz\/la-peniche-all-your-events\/wp-json\/wp\/v2\/media?parent=3332"}],"wp:term":[{"taxonomy":"product_brand","embeddable":true,"href":"https:\/\/www.lapeniche.biz\/la-peniche-all-your-events\/wp-json\/wp\/v2\/product_brand?post=3332"},{"taxonomy":"product_cat","embeddable":true,"href":"https:\/\/www.lapeniche.biz\/la-peniche-all-your-events\/wp-json\/wp\/v2\/product_cat?post=3332"},{"taxonomy":"product_tag","embeddable":true,"href":"https:\/\/www.lapeniche.biz\/la-peniche-all-your-events\/wp-json\/wp\/v2\/product_tag?post=3332"}],"curies":[{"name":"wp","href":"https:\/\/api.w.org\/{rel}","templated":true}]}}