{"id":2126,"date":"2021-11-11T11:00:18","date_gmt":"2021-11-11T10:00:18","guid":{"rendered":"https:\/\/www.lapeniche.biz\/la-peniche-bed-and-bicycle\/?post_type=project&#038;p=2126"},"modified":"2021-12-09T11:53:57","modified_gmt":"2021-12-09T10:53:57","slug":"cafe-patisseries","status":"publish","type":"project","link":"https:\/\/www.lapeniche.biz\/la-peniche-all-your-events\/project\/cafe-patisseries\/","title":{"rendered":"Caf\u00e9 &#038; P\u00e2tisseries"},"content":{"rendered":"<p>[et_pb_section fb_built=\u00a0\u00bb1&Prime; fullwidth=\u00a0\u00bbon\u00a0\u00bb module_id=\u00a0\u00bbslider-header-home\u00a0\u00bb _builder_version=\u00a0\u00bb4.11.4&Prime; _module_preset=\u00a0\u00bbdefault\u00a0\u00bb global_colors_info=\u00a0\u00bb{}\u00a0\u00bb][et_pb_fullwidth_slider _builder_version=\u00a0\u00bb4.14.2&Prime; _module_preset=\u00a0\u00bbdefault\u00a0\u00bb global_colors_info=\u00a0\u00bb{}\u00a0\u00bb][et_pb_slide heading=\u00a0\u00bbCaf\u00e9 &#038; P\u00e2tisseries\u00a0\u00bb _builder_version=\u00a0\u00bb4.14.2&Prime; _module_preset=\u00a0\u00bbdefault\u00a0\u00bb background_enable_color=\u00a0\u00bboff\u00a0\u00bb background_image=\u00a0\u00bbhttps:\/\/www.lapeniche.biz\/la-peniche-bed-and-bicycle\/wp-content\/uploads\/sites\/5\/2021\/10\/la-peniche-petit-dejeuner.jpg\u00a0\u00bb background_enable_image=\u00a0\u00bbon\u00a0\u00bb global_colors_info=\u00a0\u00bb{}\u00a0\u00bb sticky_transition=\u00a0\u00bbon\u00a0\u00bb][\/et_pb_slide][\/et_pb_fullwidth_slider][et_pb_fullwidth_code admin_label=\u00a0\u00bbBouton reservation\u00a0\u00bb module_class=\u00a0\u00bbbooking-trigger\u00a0\u00bb _builder_version=\u00a0\u00bb4.9.1&Prime; z_index_tablet=\u00a0\u00bb500&Prime; global_colors_info=\u00a0\u00bb{}\u00a0\u00bb]<a class=\"btn-booking\" href=\"https:\/\/www.secure-direct-hotel-booking.com\/module_booking_engine\/index.php?id_etab=a36143e9bf80cdf3bbd4360ae2802219&#038;langue=francais\" target=\"_blank\" rel=\"noopener\">R\u00e9servation<\/a>[\/et_pb_fullwidth_code][\/et_pb_section][et_pb_section fb_built=\u00a0\u00bb1&Prime; _builder_version=\u00a0\u00bb4.11.4&Prime; _module_preset=\u00a0\u00bbdefault\u00a0\u00bb global_colors_info=\u00a0\u00bb{}\u00a0\u00bb][et_pb_row _builder_version=\u00a0\u00bb4.11.4&Prime; _module_preset=\u00a0\u00bbdefault\u00a0\u00bb global_colors_info=\u00a0\u00bb{}\u00a0\u00bb][et_pb_column type=\u00a0\u00bb4_4&Prime; _builder_version=\u00a0\u00bb4.11.4&Prime; _module_preset=\u00a0\u00bbdefault\u00a0\u00bb global_colors_info=\u00a0\u00bb{}\u00a0\u00bb][et_pb_text _builder_version=\u00a0\u00bb4.14.2&Prime; _module_preset=\u00a0\u00bbdefault\u00a0\u00bb global_colors_info=\u00a0\u00bb{}\u00a0\u00bb]<\/p>\n<p><span style=\"color: #000000; font-size: 14pt;\"><strong><em><img loading=\"lazy\" decoding=\"async\" class=\"alignnone  wp-image-944\" src=\"https:\/\/www.lapeniche.biz\/la-peniche-all-your-events\/wp-content\/uploads\/sites\/3\/2021\/05\/favicon-aye-300x300.png\" alt=\"La P\u00e9niche All Your Events\" width=\"54\" height=\"54\" \/> \u00a0CAFE &amp; PATISSERIES \u00a0 \u00a0 \u00a0\u00a0<span style=\"background-color: #999999; color: #ffffff; font-size: 12pt;\">\u00a09.00 \u20ac \/ pers.\u00a0<\/span><\/em><\/strong><\/span><\/p>\n<p>&nbsp;<\/p>\n<p><strong>Les\u00a0p\u00e2tisseries pr\u00e9par\u00e9 avec amour tous les matins par l\u2019e\u0301quipage de LA PENICHE \u00ab Slow Food \u00bb<\/strong><br \/><strong>P\u00e2tisseries\u00a0\u00ab Home made \u00bb pre\u0301pare\u0301e exclusivement avec des produits Bio et locaux.<\/strong><\/p>\n<p>&nbsp;<\/p>\n<p><span style=\"color: #d0191c;\"><strong><span style=\"color: #8fc875;\">Formule comprend :<\/span><\/strong>\u00a0<\/span>Une pa\u0302tisserie \u00ab maison \u00bb , accompagne\u0301 de The\u0301 et\/ou Cafe\u0301 a\u0300 volonte\u0301.<\/p>\n<p>&nbsp;<\/p>\n<p>[\/et_pb_text][et_pb_button button_url=\u00a0\u00bb@ET-DC@eyJkeW5hbWljIjp0cnVlLCJjb250ZW50IjoicG9zdF9saW5rX3VybF9wYWdlIiwic2V0dGluZ3MiOnsicG9zdF9pZCI6IjM1MzgifX0=@\u00a0\u00bb button_text=\u00a0\u00bbRetour aux extras\u00a0\u00bb _builder_version=\u00a0\u00bb4.14.2&Prime; _dynamic_attributes=\u00a0\u00bbbutton_url\u00a0\u00bb _module_preset=\u00a0\u00bbdefault\u00a0\u00bb hover_enabled=\u00a0\u00bb0&Prime; global_colors_info=\u00a0\u00bb{}\u00a0\u00bb sticky_enabled=\u00a0\u00bb0&Prime;][\/et_pb_button][\/et_pb_column][\/et_pb_row][\/et_pb_section]<\/p>\n","protected":false},"excerpt":{"rendered":"<p>\u00a0CAFE &amp; PATISSERIES \u00a0 \u00a0 \u00a0\u00a0\u00a09.00 \u20ac \/ pers.\u00a0 &nbsp; Les\u00a0p\u00e2tisseries pr\u00e9par\u00e9 avec amour tous les matins par l\u2019e\u0301quipage de LA PENICHE \u00ab Slow Food \u00bbP\u00e2tisseries\u00a0\u00ab Home made \u00bb pre\u0301pare\u0301e exclusivement avec des produits Bio et locaux. &nbsp; Formule comprend :\u00a0Une pa\u0302tisserie \u00ab maison \u00bb , accompagne\u0301 de The\u0301 et\/ou Cafe\u0301 a\u0300 volonte\u0301. &nbsp;<\/p>\n","protected":false},"author":1,"featured_media":1895,"comment_status":"open","ping_status":"closed","template":"","meta":{"_et_pb_use_builder":"on","_et_pb_old_content":"","_et_gb_content_width":"","footnotes":""},"project_category":[49],"project_tag":[],"class_list":["post-2126","project","type-project","status-publish","has-post-thumbnail","hentry","project_category-se-restaurer-2"],"_links":{"self":[{"href":"https:\/\/www.lapeniche.biz\/la-peniche-all-your-events\/wp-json\/wp\/v2\/project\/2126","targetHints":{"allow":["GET"]}}],"collection":[{"href":"https:\/\/www.lapeniche.biz\/la-peniche-all-your-events\/wp-json\/wp\/v2\/project"}],"about":[{"href":"https:\/\/www.lapeniche.biz\/la-peniche-all-your-events\/wp-json\/wp\/v2\/types\/project"}],"author":[{"embeddable":true,"href":"https:\/\/www.lapeniche.biz\/la-peniche-all-your-events\/wp-json\/wp\/v2\/users\/1"}],"replies":[{"embeddable":true,"href":"https:\/\/www.lapeniche.biz\/la-peniche-all-your-events\/wp-json\/wp\/v2\/comments?post=2126"}],"version-history":[{"count":5,"href":"https:\/\/www.lapeniche.biz\/la-peniche-all-your-events\/wp-json\/wp\/v2\/project\/2126\/revisions"}],"predecessor-version":[{"id":3752,"href":"https:\/\/www.lapeniche.biz\/la-peniche-all-your-events\/wp-json\/wp\/v2\/project\/2126\/revisions\/3752"}],"wp:featuredmedia":[{"embeddable":true,"href":"https:\/\/www.lapeniche.biz\/la-peniche-all-your-events\/wp-json\/"}],"wp:attachment":[{"href":"https:\/\/www.lapeniche.biz\/la-peniche-all-your-events\/wp-json\/wp\/v2\/media?parent=2126"}],"wp:term":[{"taxonomy":"project_category","embeddable":true,"href":"https:\/\/www.lapeniche.biz\/la-peniche-all-your-events\/wp-json\/wp\/v2\/project_category?post=2126"},{"taxonomy":"project_tag","embeddable":true,"href":"https:\/\/www.lapeniche.biz\/la-peniche-all-your-events\/wp-json\/wp\/v2\/project_tag?post=2126"}],"curies":[{"name":"wp","href":"https:\/\/api.w.org\/{rel}","templated":true}]}}

Café &#038; Pâtisseries

<p>[et_pb_section fb_built= »1&Prime; fullwidth= »on » module_id= »slider-header-home » _builder_version= »4.11.4&Prime; _module_preset= »default » global_colors_info= »{} »][et_pb_fullwidth_slider _builder_version= »4.14.2&Prime; _module_preset= »default » global_colors_info= »{} »][et_pb_slide heading= »Café &#038; Pâtisseries » _builder_version= »4.14.2&Prime; _module_preset= »default » background_enable_color= »off » background_image= »https://www.lapeniche.biz/la-peniche-bed-and-bicycle/wp-content/uploads/sites/5/2021/10/la-peniche-petit-dejeuner.jpg » background_enable_image= »on » global_colors_info= »{} » sticky_transition= »on »][/et_pb_slide][/et_pb_fullwidth_slider][et_pb_fullwidth_code admin_label= »Bouton reservation » module_class= »booking-trigger » _builder_version= »4.9.1&Prime; z_index_tablet= »500&Prime; global_colors_info= »{} »]<a class="btn-booking" href="https://www.secure-direct-hotel-booking.com/module_booking_engine/index.php?id_etab=a36143e9bf80cdf3bbd4360ae2802219&#038;langue=francais" target="_blank" rel="noopener">Réservation</a>[/et_pb_fullwidth_code][/et_pb_section][et_pb_section fb_built= »1&Prime; _builder_version= »4.11.4&Prime; _module_preset= »default » global_colors_info= »{} »][et_pb_row _builder_version= »4.11.4&Prime; _module_preset= »default » global_colors_info= »{} »][et_pb_column type= »4_4&Prime; _builder_version= »4.11.4&Prime; _module_preset= »default » global_colors_info= »{} »][et_pb_text _builder_version= »4.14.2&Prime; _module_preset= »default » global_colors_info= »{} »]</p>
<p><span style="color: #000000; font-size: 14pt;"><strong><em><img loading="lazy" decoding="async" class="alignnone  wp-image-944" src="https://www.lapeniche.biz/la-peniche-all-your-events/wp-content/uploads/sites/3/2021/05/favicon-aye-300x300.png" alt="La Péniche All Your Events" width="54" height="54" />  CAFE &amp; PATISSERIES       <span style="background-color: #999999; color: #ffffff; font-size: 12pt;"> 9.00 € / pers. </span></em></strong></span></p>
<p>&nbsp;</p>
<p><strong>Les pâtisseries préparé avec amour tous les matins par l’équipage de LA PENICHE « Slow Food »</strong><br /><strong>Pâtisseries « Home made » préparée exclusivement avec des produits Bio et locaux.</strong></p>
<p>&nbsp;</p>
<p><span style="color: #d0191c;"><strong><span style="color: #8fc875;">Formule comprend :</span></strong> </span>Une pâtisserie « maison » , accompagné de Thé et/ou Café à volonté.</p>
<p>&nbsp;</p>
<p>[/et_pb_text][et_pb_button button_url= »@ET-DC@eyJkeW5hbWljIjp0cnVlLCJjb250ZW50IjoicG9zdF9saW5rX3VybF9wYWdlIiwic2V0dGluZ3MiOnsicG9zdF9pZCI6IjM1MzgifX0=@ » button_text= »Retour aux extras » _builder_version= »4.14.2&Prime; _dynamic_attributes= »button_url » _module_preset= »default » hover_enabled= »0&Prime; global_colors_info= »{} » sticky_enabled= »0&Prime;][/et_pb_button][/et_pb_column][/et_pb_row][/et_pb_section]</p>

<p> CAFE &amp; PATISSERIES        9.00 € / pers.  &nbsp; Les pâtisseries préparé avec amour tous les matins par l’équipage de LA PENICHE « Slow Food »Pâtisseries « Home made » préparée exclusivement avec des produits Bio et locaux. &nbsp; Formule comprend : Une pâtisserie « maison » , accompagné de Thé et/ou Café à volonté. &nbsp;</p>
