{"id":3778,"date":"2022-01-31T09:33:35","date_gmt":"2022-01-31T08:33:35","guid":{"rendered":"https:\/\/www.lapeniche.biz\/la-peniche-bed-and-bicycle\/?page_id=3778"},"modified":"2022-02-25T13:22:44","modified_gmt":"2022-02-25T12:22:44","slug":"spa-2","status":"publish","type":"page","link":"https:\/\/www.lapeniche.biz\/la-peniche-bed-and-bicycle\/en\/spa-2\/","title":{"rendered":"Spa"},"content":{"rendered":"<p>[et_pb_section fb_built=\u00a0\u00bb1&Prime; fullwidth=\u00a0\u00bbon\u00a0\u00bb module_id=\u00a0\u00bbslider-header-home\u00a0\u00bb _builder_version=\u00a0\u00bb4.9.4&Prime; _module_preset=\u00a0\u00bbdefault\u00a0\u00bb global_colors_info=\u00a0\u00bb{}\u00a0\u00bb][et_pb_fullwidth_slider show_pagination=\u00a0\u00bboff\u00a0\u00bb _builder_version=\u00a0\u00bb4.13.1&Prime; _module_preset=\u00a0\u00bbdefault\u00a0\u00bb auto=\u00a0\u00bbon\u00a0\u00bb global_colors_info=\u00a0\u00bb{}\u00a0\u00bb][et_pb_slide _builder_version=\u00a0\u00bb4.13.1&Prime; _module_preset=\u00a0\u00bbdefault\u00a0\u00bb header_level=\u00a0\u00bbh1&Prime; header_text_align=\u00a0\u00bbcenter\u00a0\u00bb background_enable_color=\u00a0\u00bboff\u00a0\u00bb background_image=\u00a0\u00bbhttps:\/\/www.lapeniche.biz\/la-peniche-bed-and-bicycle\/wp-content\/uploads\/sites\/5\/2021\/06\/spa-2.jpeg\u00a0\u00bb background_enable_image=\u00a0\u00bbon\u00a0\u00bb text_orientation=\u00a0\u00bbcenter\u00a0\u00bb global_colors_info=\u00a0\u00bb{}\u00a0\u00bb sticky_transition=\u00a0\u00bbon\u00a0\u00bb]<\/p>\n<h1>BIENVENUE au SPA LA PENICHE<\/h1>\n<h2>Un lieu d&rsquo;inspiration unique sur l&rsquo;eau , v\u00e9ritable invitation au voyage des sens et de la d\u00e9tente.<\/h2>\n<h2>Dans un cadre intime et raffin\u00e9, profitez de cette parenth\u00e8se bien-\u00eatre pour le corps et l&rsquo;esprit.<\/h2>\n<p>[\/et_pb_slide][et_pb_slide _builder_version=\u00a0\u00bb4.13.1&Prime; _module_preset=\u00a0\u00bbdefault\u00a0\u00bb header_level=\u00a0\u00bbh1&Prime; header_text_align=\u00a0\u00bbcenter\u00a0\u00bb background_enable_color=\u00a0\u00bboff\u00a0\u00bb background_image=\u00a0\u00bbhttps:\/\/www.lapeniche.biz\/la-peniche-bed-and-bicycle\/wp-content\/uploads\/sites\/5\/2021\/11\/rituel-inde.jpg\u00a0\u00bb background_enable_image=\u00a0\u00bbon\u00a0\u00bb text_orientation=\u00a0\u00bbcenter\u00a0\u00bb global_colors_info=\u00a0\u00bb{}\u00a0\u00bb sticky_transition=\u00a0\u00bbon\u00a0\u00bb]<\/p>\n<h1 style=\"text-align: center; margin-top: 0; font-size: 2rem;\">RITUELS DE SOIN SIGNATURE CORPS<\/h1>\n<h2>Rituel Ayuerv\u00e9dique Indien (Tonique profond)<\/h2>\n<h2>Rituel de l&rsquo;Orient (D\u00e9tente totale)<\/h2>\n<p>[\/et_pb_slide][et_pb_slide _builder_version=\u00a0\u00bb4.13.1&Prime; _module_preset=\u00a0\u00bbdefault\u00a0\u00bb header_level=\u00a0\u00bbh1&Prime; header_text_align=\u00a0\u00bbcenter\u00a0\u00bb background_enable_color=\u00a0\u00bboff\u00a0\u00bb background_image=\u00a0\u00bbhttps:\/\/www.lapeniche.biz\/la-peniche-bed-and-bicycle\/wp-content\/uploads\/sites\/5\/2021\/10\/Maroc_BD.jpg\u00a0\u00bb background_enable_image=\u00a0\u00bbon\u00a0\u00bb text_orientation=\u00a0\u00bbcenter\u00a0\u00bb global_colors_info=\u00a0\u00bb{}\u00a0\u00bb sticky_transition=\u00a0\u00bbon\u00a0\u00bb]<\/p>\n<h1 style=\"text-align: center; margin-top: 0; font-size: 2rem;\">RITUEL DE SOIN SIGNATURE VISAGE<\/h1>\n<h2>Soin massage \u00ab\u00a0Fleurs de Bali\u00a0\u00bb<\/h2>\n<h2>\u00ab\u00a0Ko Bi Do\u00a0\u00bb (Redensification jeunesse instantan\u00e9e)<\/h2>\n<p>[\/et_pb_slide][et_pb_slide _builder_version=\u00a0\u00bb4.13.1&Prime; _module_preset=\u00a0\u00bbdefault\u00a0\u00bb header_level=\u00a0\u00bbh1&Prime; header_text_align=\u00a0\u00bbcenter\u00a0\u00bb background_enable_color=\u00a0\u00bboff\u00a0\u00bb background_image=\u00a0\u00bbhttps:\/\/www.lapeniche.biz\/la-peniche-bed-and-bicycle\/wp-content\/uploads\/sites\/5\/2021\/10\/GettyImages-1138040927-scaled.jpg\u00a0\u00bb background_enable_image=\u00a0\u00bbon\u00a0\u00bb text_orientation=\u00a0\u00bbcenter\u00a0\u00bb global_colors_info=\u00a0\u00bb{}\u00a0\u00bb sticky_transition=\u00a0\u00bbon\u00a0\u00bb]<\/p>\n<h1>BIENVENUE au SPA LA PENICHE<\/h1>\n<h2>Un lieu d&rsquo;inspiration unique sur l&rsquo;eau , v\u00e9ritable invitation au voyage des sens et de la d\u00e9tente.<\/h2>\n<h2>Dans un cadre intime et raffin\u00e9, profitez de cette parenth\u00e8se bien-\u00eatre pour le corps et l&rsquo;esprit.<\/h2>\n<p>[\/et_pb_slide][et_pb_slide _builder_version=\u00a0\u00bb4.13.1&Prime; _module_preset=\u00a0\u00bbdefault\u00a0\u00bb header_level=\u00a0\u00bbh1&Prime; header_text_align=\u00a0\u00bbcenter\u00a0\u00bb background_enable_color=\u00a0\u00bboff\u00a0\u00bb background_image=\u00a0\u00bbhttps:\/\/www.lapeniche.biz\/la-peniche-bed-and-bicycle\/wp-content\/uploads\/sites\/5\/2021\/10\/GettyImages-108311041-scaled.jpg\u00a0\u00bb background_enable_image=\u00a0\u00bbon\u00a0\u00bb text_orientation=\u00a0\u00bbcenter\u00a0\u00bb global_colors_info=\u00a0\u00bb{}\u00a0\u00bb sticky_transition=\u00a0\u00bbon\u00a0\u00bb]<\/p>\n<h1>BIENVENUE au SPA LA PENICHE<\/h1>\n<h2>Un lieu d&rsquo;inspiration unique sur l&rsquo;eau , v\u00e9ritable invitation au voyage des sens et de la d\u00e9tente.<\/h2>\n<h2>Dans un cadre intime et raffin\u00e9, profitez de cette parenth\u00e8se bien-\u00eatre pour le corps et l&rsquo;esprit.<\/h2>\n<p>[\/et_pb_slide][\/et_pb_fullwidth_slider][et_pb_fullwidth_code admin_label=\u00a0\u00bbBouton reservation\u00a0\u00bb module_class=\u00a0\u00bbbooking-trigger\u00a0\u00bb _builder_version=\u00a0\u00bb4.9.1&Prime; z_index_tablet=\u00a0\u00bb500&Prime; global_module=\u00a0\u00bb878&Prime; global_colors_info=\u00a0\u00bb{}\u00a0\u00bb]<a class=\"btn-booking\" href=\"https:\/\/www.secure-direct-hotel-booking.com\/module_booking_engine\/index.php?id_etab=a36143e9bf80cdf3bbd4360ae2802219&#038;langue=francais\" target=\"_blank\" rel=\"noopener\">R\u00e9servation<\/a>[\/et_pb_fullwidth_code][et_pb_fullwidth_code module_id=\u00a0\u00bbwidget-booking-engine-MB\u00a0\u00bb _builder_version=\u00a0\u00bb4.14.7&Prime; _module_preset=\u00a0\u00bbdefault\u00a0\u00bb global_colors_info=\u00a0\u00bb{}\u00a0\u00bb]<\/p>\n<div id=\"widgetMB2\"><\/div>\n<p><!-- [et_pb_line_break_holder] --><!-- [et_pb_line_break_holder] --><script><!-- [et_pb_line_break_holder] -->var langue = 'en';<!-- [et_pb_line_break_holder] -->var id_etab = 'a36143e9bf80cdf3bbd4360ae2802219';<!-- [et_pb_line_break_holder] -->var param = '0201202000020001094045221';<!-- [et_pb_line_break_holder] --><\/script><!-- [et_pb_line_break_holder] --><script src=\"https:\/\/www.secure-direct-hotel-booking.com\/widget\/scriptWidget.js\"><\/script><!-- [et_pb_line_break_holder] --><!-- [et_pb_line_break_holder] -->[\/et_pb_fullwidth_code][\/et_pb_section][et_pb_section fb_built=\u00a0\u00bb1&Prime; _builder_version=\u00a0\u00bb3.22&Prime; global_colors_info=\u00a0\u00bb{}\u00a0\u00bb][et_pb_row module_class=\u00a0\u00bblp-pres-room\u00a0\u00bb _builder_version=\u00a0\u00bb4.9.1&Prime; background_size=\u00a0\u00bbinitial\u00a0\u00bb background_position=\u00a0\u00bbtop_left\u00a0\u00bb background_repeat=\u00a0\u00bbrepeat\u00a0\u00bb min_height=\u00a0\u00bb191px\u00a0\u00bb global_colors_info=\u00a0\u00bb{}\u00a0\u00bb][et_pb_column type=\u00a0\u00bb4_4&Prime; _builder_version=\u00a0\u00bb3.25&Prime; custom_padding=\u00a0\u00bb|||\u00a0\u00bb global_colors_info=\u00a0\u00bb{}\u00a0\u00bb custom_padding__hover=\u00a0\u00bb|||\u00a0\u00bb][et_pb_text admin_label=\u00a0\u00bbTexte\u00a0\u00bb _builder_version=\u00a0\u00bb4.14.8&Prime; hover_enabled=\u00a0\u00bb0&Prime; z_index_tablet=\u00a0\u00bb500&Prime; global_colors_info=\u00a0\u00bb{}\u00a0\u00bb sticky_enabled=\u00a0\u00bb0&Prime;]<\/p>\n<p><img loading=\"lazy\" decoding=\"async\" class=\"size-medium wp-image-2446 aligncenter\" src=\"https:\/\/www.lapeniche.biz\/la-peniche-bed-and-bicycle\/wp-content\/uploads\/sites\/5\/2021\/10\/19-01-MAJ-LOGO-5M-PAT-VECT-01-300x212.jpg\" alt=\"\" width=\"300\" height=\"212\" \/><\/p>\n<p><strong>LA PENICHE\u00ae By <\/strong><span style=\"color: #993366;\"><strong>CINQ MONDES<\/strong><\/span><\/p>\n<p>Book a treatment, whether you are a guest on La P\u00e9niche or not&#8230;<\/p>\n<p><strong>Slow down, take time for yourself, unwind, savour the present, reconnect, welcome the \u00a0\u00ab\u00a0Slow\u00a0\u00bblife.<\/strong><\/p>\n<div><strong><span lang=\"EN-GB\">LA PENICHE\u00ae \u00ab\u00a0Bed And Bicycle\u00a0\u00bb has partnered with Cinq Mondes to provide specialist treatments that take care of your body, ensuring your \u00ab\u00a0slow life\u00a0\u00bb visit will be memorable.<\/span><\/strong><\/div>\n<div>\u00a0<\/div>\n<p><iframe loading=\"lazy\" title=\"Cinq Monde - leader fran\u00e7ais du spa\" width=\"1080\" height=\"608\" src=\"https:\/\/www.youtube.com\/embed\/tIW0Te-I8DM?feature=oembed\"  allow=\"accelerometer; autoplay; clipboard-write; encrypted-media; gyroscope; picture-in-picture\" allowfullscreen><\/iframe><\/p>\n<p><span style=\"color: #993366;\"><strong>Les Soins CINQ MONDES<\/strong><\/span><\/p>\n<p>D\u00e9couvrez une s\u00e9lection unique de soins CINQ MONDES, empreints de qualit\u00e9, d&rsquo;authenticit\u00e9 et de c\u00e9r\u00e9monial pour retrouver l&rsquo;harmonie du corps et de l&rsquo;esprit\u00a0: Le Bonheur dans la Peau.<\/p>\n<p><em>Massages Oriental et Ayurv\u00e9dique Indien , Massage Visage \u00ab\u00a0Rituel Ko Bi Do\u00a0\u00bb, Soins corps , Soins visages ,\u2026 <\/em>tous nos soins invitent \u00e0 une exp\u00e9rience unique de Bien-\u00catre, d\u00e9couvrez-les vite ci-dessous.<\/p>\n<p><span style=\"color: #993366;\"><span style=\"color: #d0191c;\">Openning times \u00a0du SPA\u00a0: 9 am to7 pm \u2013 24j\/7<\/span> &#8211;\u00a0<\/span>Treatments by reservations only.<\/p>\n<p><span style=\"color: #d0191c;\">To Book : spa@lapeniche.eu\u00a0 &#8211; 04 69 11 00 67<\/span><\/p>\n<p>[\/et_pb_text][et_pb_button button_url=\u00a0\u00bbhttps:\/\/www.lapeniche.biz\/la-peniche-bed-and-bicycle\/boutique#lp-spa-massage\u00a0\u00bb button_text=\u00a0\u00bbVoir la boutique\u00a0\u00bb _builder_version=\u00a0\u00bb4.13.1&Prime; _module_preset=\u00a0\u00bbdefault\u00a0\u00bb global_colors_info=\u00a0\u00bb{}\u00a0\u00bb][\/et_pb_button][\/et_pb_column][\/et_pb_row][\/et_pb_section]<\/p>\n","protected":false},"excerpt":{"rendered":"<p>[et_pb_section fb_built=\u00a0\u00bb1&Prime; fullwidth=\u00a0\u00bbon\u00a0\u00bb module_id=\u00a0\u00bbslider-header-home\u00a0\u00bb _builder_version=\u00a0\u00bb4.9.4&Prime; _module_preset=\u00a0\u00bbdefault\u00a0\u00bb global_colors_info=\u00a0\u00bb{}\u00a0\u00bb][et_pb_fullwidth_slider show_pagination=\u00a0\u00bboff\u00a0\u00bb _builder_version=\u00a0\u00bb4.13.1&Prime; _module_preset=\u00a0\u00bbdefault\u00a0\u00bb auto=\u00a0\u00bbon\u00a0\u00bb global_colors_info=\u00a0\u00bb{}\u00a0\u00bb][et_pb_slide _builder_version=\u00a0\u00bb4.13.1&Prime; _module_preset=\u00a0\u00bbdefault\u00a0\u00bb header_level=\u00a0\u00bbh1&Prime; header_text_align=\u00a0\u00bbcenter\u00a0\u00bb background_enable_color=\u00a0\u00bboff\u00a0\u00bb background_image=\u00a0\u00bbhttps:\/\/www.lapeniche.biz\/la-peniche-bed-and-bicycle\/wp-content\/uploads\/sites\/5\/2021\/06\/spa-2.jpeg\u00a0\u00bb background_enable_image=\u00a0\u00bbon\u00a0\u00bb text_orientation=\u00a0\u00bbcenter\u00a0\u00bb global_colors_info=\u00a0\u00bb{}\u00a0\u00bb sticky_transition=\u00a0\u00bbon\u00a0\u00bb] BIENVENUE au SPA LA PENICHE Un lieu d&rsquo;inspiration unique sur l&rsquo;eau , v\u00e9ritable invitation au voyage des sens et de la d\u00e9tente. Dans un cadre intime et raffin\u00e9, profitez de cette parenth\u00e8se bien-\u00eatre [&hellip;]<\/p>\n","protected":false},"author":1,"featured_media":0,"parent":0,"menu_order":0,"comment_status":"closed","ping_status":"closed","template":"","meta":{"_et_pb_use_builder":"on","_et_pb_old_content":"","_et_gb_content_width":"","footnotes":""},"class_list":["post-3778","page","type-page","status-publish","hentry"],"_links":{"self":[{"href":"https:\/\/www.lapeniche.biz\/la-peniche-bed-and-bicycle\/wp-json\/wp\/v2\/pages\/3778","targetHints":{"allow":["GET"]}}],"collection":[{"href":"https:\/\/www.lapeniche.biz\/la-peniche-bed-and-bicycle\/wp-json\/wp\/v2\/pages"}],"about":[{"href":"https:\/\/www.lapeniche.biz\/la-peniche-bed-and-bicycle\/wp-json\/wp\/v2\/types\/page"}],"author":[{"embeddable":true,"href":"https:\/\/www.lapeniche.biz\/la-peniche-bed-and-bicycle\/wp-json\/wp\/v2\/users\/1"}],"replies":[{"embeddable":true,"href":"https:\/\/www.lapeniche.biz\/la-peniche-bed-and-bicycle\/wp-json\/wp\/v2\/comments?post=3778"}],"version-history":[{"count":3,"href":"https:\/\/www.lapeniche.biz\/la-peniche-bed-and-bicycle\/wp-json\/wp\/v2\/pages\/3778\/revisions"}],"predecessor-version":[{"id":3873,"href":"https:\/\/www.lapeniche.biz\/la-peniche-bed-and-bicycle\/wp-json\/wp\/v2\/pages\/3778\/revisions\/3873"}],"wp:attachment":[{"href":"https:\/\/www.lapeniche.biz\/la-peniche-bed-and-bicycle\/wp-json\/wp\/v2\/media?parent=3778"}],"curies":[{"name":"wp","href":"https:\/\/api.w.org\/{rel}","templated":true}]}}